{"id":95,"date":"2017-05-16T12:13:55","date_gmt":"2017-05-16T10:13:55","guid":{"rendered":"https:\/\/www.seguros-generales.es\/noticias\/?page_id=95"},"modified":"2023-09-07T02:20:27","modified_gmt":"2023-09-07T00:20:27","slug":"seguros-de-accidentes","status":"publish","type":"page","link":"https:\/\/www.seguros-generales.es\/noticias\/comparadores\/seguros-de-accidentes\/","title":{"rendered":"Seguros de Accidentes"},"content":{"rendered":"<p><a href=\"https:\/\/www.seguros-generales.es\/comparador-seguros-accidentes.html\" target=\"_blank\" rel=\"noopener\"><img loading=\"lazy\" decoding=\"async\" class=\"alignright wp-image-4265\" title=\"Seguro de Accidentes\" src=\"https:\/\/www.segurosyaseguradoras.com\/wp-content\/uploads\/2017\/02\/seguros-accidentes.jpg\" alt=\"Seguro de Accidentes\" width=\"250\" height=\"165\" \/><\/a><\/p>\n<h1>Comparador de seguros de accidentes<\/h1>\n<p>Formulario de solicitud de seguros de accidentes cedido por <a title=\"www.seguros-generales.es\" href=\"https:\/\/seguros-de-accidentes.seguros-generales.es\/\" target=\"_blank\" rel=\"noopener\">www.Seguros-Generales.es<\/a> si desea comparar telef\u00f3nicamente los seguros de accidentes m\u00e1s baratos puede llamar al 91 756 71 08 de lunes a viernes de 9:00 a 22:00 y s\u00e1bados de 9:00 a 15:00<\/p>\n<p>&nbsp;<\/p>\n<p><script src=\"https:\/\/widget.proyectosyseguros.com:9080\/widget\/widgetpys\/SEGUROSGENERALES\/?api-key=PYSW-bCB4EubraP9LhDuzT7uruUH8&#038;qs=&#038;filtro=ACCIDENTE\" type=\"text\/javascript\"><\/script><\/p>\n<div id=\"pys-widget\"><\/div>\n","protected":false},"excerpt":{"rendered":"<p>Comparador de seguros de accidentes Formulario de solicitud de seguros de accidentes cedido por www.Seguros-Generales.es si desea comparar telef\u00f3nicamente los seguros de accidentes m\u00e1s baratos puede llamar al 91 756 71 08 de lunes a viernes de 9:00 a 22:00 y s\u00e1bados de 9:00 a 15:00 &nbsp;<\/p>\n","protected":false},"author":1,"featured_media":2180,"parent":86,"menu_order":0,"comment_status":"closed","ping_status":"closed","template":"","meta":{"_et_pb_use_builder":"","_et_pb_old_content":"","_et_gb_content_width":"","footnotes":""},"class_list":["post-95","page","type-page","status-publish","has-post-thumbnail","hentry"],"_links":{"self":[{"href":"https:\/\/www.seguros-generales.es\/noticias\/wp-json\/wp\/v2\/pages\/95","targetHints":{"allow":["GET"]}}],"collection":[{"href":"https:\/\/www.seguros-generales.es\/noticias\/wp-json\/wp\/v2\/pages"}],"about":[{"href":"https:\/\/www.seguros-generales.es\/noticias\/wp-json\/wp\/v2\/types\/page"}],"author":[{"embeddable":true,"href":"https:\/\/www.seguros-generales.es\/noticias\/wp-json\/wp\/v2\/users\/1"}],"replies":[{"embeddable":true,"href":"https:\/\/www.seguros-generales.es\/noticias\/wp-json\/wp\/v2\/comments?post=95"}],"version-history":[{"count":2,"href":"https:\/\/www.seguros-generales.es\/noticias\/wp-json\/wp\/v2\/pages\/95\/revisions"}],"predecessor-version":[{"id":2393,"href":"https:\/\/www.seguros-generales.es\/noticias\/wp-json\/wp\/v2\/pages\/95\/revisions\/2393"}],"up":[{"embeddable":true,"href":"https:\/\/www.seguros-generales.es\/noticias\/wp-json\/wp\/v2\/pages\/86"}],"wp:featuredmedia":[{"embeddable":true,"href":"https:\/\/www.seguros-generales.es\/noticias\/wp-json\/wp\/v2\/media\/2180"}],"wp:attachment":[{"href":"https:\/\/www.seguros-generales.es\/noticias\/wp-json\/wp\/v2\/media?parent=95"}],"curies":[{"name":"wp","href":"https:\/\/api.w.org\/{rel}","templated":true}]}}